{"id":260,"date":"2025-10-07T17:39:16","date_gmt":"2025-10-07T17:39:16","guid":{"rendered":"https:\/\/realsuplement.com\/?post_type=product&#038;p=260"},"modified":"2025-12-18T04:10:53","modified_gmt":"2025-12-18T04:10:53","slug":"real-natural-100grs","status":"publish","type":"product","link":"https:\/\/realsuplement.com\/?product=real-natural-100grs","title":{"rendered":"REAL NATURAL &#8211; 100grs"},"content":{"rendered":"<p><span style=\"color: #339966;\"><strong>MIX 100% Natural \u2013 Antiinflamatorio, Energ\u00eda equilibrada, claridad mental y antioxidantes en cada taza.<\/strong><\/span><\/p>\n<p><span style=\"font-weight: 400;\">Un superfood premium, ideal para reemplazar el caf\u00e9 o agregar a este y mejorar tu concentraci\u00f3n sin nervios ni ansiedad.<\/span><\/p>\n<p>&nbsp;<\/p>\n<hr \/>\n<p>&nbsp;<\/p>\n<p><span style=\"color: #339966;\"><strong>Beneficios principales:<\/strong><\/span><\/p>\n<ul>\n<li><span style=\"font-weight: 400;\">Antiinflamatorio\u00a0<\/span><\/li>\n<li><span style=\"font-weight: 400;\">Nivela y mantiene estables los niveles de az\u00facar en sangre.\u00a0<\/span><\/li>\n<li><span style=\"font-weight: 400;\">Energ\u00eda sostenida y sin cafe\u00edna \u2013 perfecto para el d\u00eda a d\u00eda.<\/span><\/li>\n<li><span style=\"font-weight: 400;\">Claridad mental y concentraci\u00f3n \u2013 favorece el enfoque.<\/span><\/li>\n<li><span style=\"font-weight: 400;\">Antioxidantes naturales \u2013 combate el estr\u00e9s oxidativo.<\/span><\/li>\n<li><span style=\"font-weight: 400;\">Vers\u00e1til \u2013 disfrutalo en infusiones, lattes, smoothies.<\/span><\/li>\n<li><span style=\"font-weight: 400;\">Sin TACC<\/span><\/li>\n<\/ul>\n<p>&nbsp;<\/p>\n<hr \/>\n<p>&nbsp;<\/p>\n<p><span style=\"color: #339966;\"><strong>RINDE 90 INFUSIONES<\/strong><\/span><\/p>\n","protected":false},"excerpt":{"rendered":"<p>MIX 100% Natural \u2013 Antiinflamatorio, Energ\u00eda equilibrada, claridad mental y antioxidantes en cada taza. Un superfood premium, ideal para reemplazar el caf\u00e9 o agregar a este y mejorar tu concentraci\u00f3n sin nervios ni ansiedad. &nbsp; &nbsp; Beneficios principales: Antiinflamatorio\u00a0 Nivela y mantiene estables los niveles de az\u00facar en sangre.\u00a0 Energ\u00eda sostenida y sin cafe\u00edna \u2013 [&hellip;]<\/p>\n","protected":false},"featured_media":261,"comment_status":"open","ping_status":"closed","template":"","meta":[],"product_brand":[],"product_cat":[33,28],"product_tag":[29],"class_list":{"0":"post-260","1":"product","2":"type-product","3":"status-publish","4":"has-post-thumbnail","6":"product_cat-publicar","7":"product_cat-real-natural","8":"product_tag-real-natural","10":"first","11":"instock","12":"taxable","13":"shipping-taxable","14":"purchasable","15":"product-type-simple"},"_links":{"self":[{"href":"https:\/\/realsuplement.com\/index.php?rest_route=\/wp\/v2\/product\/260","targetHints":{"allow":["GET"]}}],"collection":[{"href":"https:\/\/realsuplement.com\/index.php?rest_route=\/wp\/v2\/product"}],"about":[{"href":"https:\/\/realsuplement.com\/index.php?rest_route=\/wp\/v2\/types\/product"}],"replies":[{"embeddable":true,"href":"https:\/\/realsuplement.com\/index.php?rest_route=%2Fwp%2Fv2%2Fcomments&post=260"}],"wp:featuredmedia":[{"embeddable":true,"href":"https:\/\/realsuplement.com\/index.php?rest_route=\/wp\/v2\/media\/261"}],"wp:attachment":[{"href":"https:\/\/realsuplement.com\/index.php?rest_route=%2Fwp%2Fv2%2Fmedia&parent=260"}],"wp:term":[{"taxonomy":"product_brand","embeddable":true,"href":"https:\/\/realsuplement.com\/index.php?rest_route=%2Fwp%2Fv2%2Fproduct_brand&post=260"},{"taxonomy":"product_cat","embeddable":true,"href":"https:\/\/realsuplement.com\/index.php?rest_route=%2Fwp%2Fv2%2Fproduct_cat&post=260"},{"taxonomy":"product_tag","embeddable":true,"href":"https:\/\/realsuplement.com\/index.php?rest_route=%2Fwp%2Fv2%2Fproduct_tag&post=260"}],"curies":[{"name":"wp","href":"https:\/\/api.w.org\/{rel}","templated":true}]}}